e 7, what is -6201 + -32?
-6233
In base 12, what is 4253a4 - -5?
4253a9
In base 7, what is -15 + -1122?
-1140
In base 3, what is -200010010220 - -12?
-200010010201
In base 7, what is 1 + 30152?
30153
In base 12, what is 1683537 + -4?
1683533
In base 10, what is 3 - 998480?
-998477
In base 11, what is -46 - 90?
-126
In base 16, what is -1 + 10dc1f?
10dc1e
In base 2, what is 10100000001011 + -1?
10100000001010
In base 13, what is -45 + -12a9?
-1321
In base 7, what is 4 - -1155226?
1155233
In base 13, what is -2 + -10b43?
-10b45
In base 14, what is 1c - 3890?
-3872
In base 3, what is 11 - -2221122120?
2221122201
In base 12, what is 18 + 1762?
177a
In base 16, what is -140 - -8d?
-b3
In base 11, what is -96 - -1239?
1153
In base 11, what is 10403 + -3?
10400
In base 10, what is 1564 + 100?
1664
In base 5, what is 30 - -1312?
1342
In base 5, what is 201401410 + 2?
201401412
In base 3, what is 11 + -1122101?
-1122020
In base 7, what is 13614 - 364?
13220
In base 5, what is -32442 + 213?
-32224
In base 9, what is 3 - -8523?
8526
In base 2, what is -1 + -1001110101010101?
-1001110101010110
In base 5, what is 40412 - 2?
40410
In base 2, what is -110100110000 - 111110?
-110101101110
In base 16, what is -14bf - -e?
-14b1
In base 8, what is 5444 + -13?
5431
In base 2, what is -11 + 1101101101111010?
1101101101110111
In base 4, what is -20132002 + -101?
-20132103
In base 14, what is -2 - 63c11?
-63c13
In base 15, what is 1 - -617db?
617dc
In base 5, what is 13 - -23141220?
23141233
In base 4, what is 22310 + 320212?
1003122
In base 14, what is 4a453 - 5?
4a44c
In base 13, what is 6c46b + 2?
6c470
In base 14, what is -39 - -348?
30d
In base 3, what is -21100 + -210202?
-1002002
In base 3, what is -110120122 - -120?
-110120002
In base 2, what is -1000110101 - -1010010100?
1011111
In base 5, what is 10 - -32442?
33002
In base 6, what is 40 + 301511?
301551
In base 4, what is -3303201 - 223?
-3310030
In base 2, what is -1001011 - -10001101100110?
10001100011011
In base 8, what is 5 - 17053?
-17046
In base 8, what is 1343 + 400?
1743
In base 11, what is 2 + 458320?
458322
In base 4, what is 11 + 231023?
231100
In base 10, what is 3459 + -369?
3090
In base 11, what is 3209aa - 0?
3209aa
In base 11, what is 1848 + -94?
1764
In base 3, what is -1021112 + 2?
-1021110
In base 4, what is 2202 - -221030?
223232
In base 14, what is 1072 + -190?
cc2
In base 2, what is 1001101110001100010111 - 0?
1001101110001100010111
In base 4, what is -2 - 1200332?
-1201000
In base 10, what is -3858 - 58?
-3916
In base 3, what is -21222111 + -11?
-21222122
In base 6, what is 3 - 142510?
-142503
In base 16, what is -1c7d - f?
-1c8c
In base 3, what is 202022201101 + 10?
202022201111
In base 13, what is -41 - 6188?
-61c9
In base 4, what is 132 + 32121000?
32121132
In base 9, what is 811645 - 0?
811645
In base 2, what is -110101111 + -11001?
-111001000
In base 6, what is 3550 + -10?
3540
In base 16, what is -475956 + -5?
-47595b
In base 2, what is 11 + -10011111111101000010?
-10011111111100111111
In base 15, what is 28 - 2480?
-2457
In base 13, what is 4 - 14004?
-14000
In base 3, what is 201020 + -2120220?
-1212200
In base 4, what is -123131133 - -1?
-123131132
In base 16, what is 209c - 8f?
200d
In base 10, what is 51434 + 5?
51439
In base 15, what is 333 + -98c?
-659
In base 4, what is 10020300 - 30?
10020210
In base 12, what is 27467 - -17?
27482
In base 3, what is -1020110 + -2220?
-1100100
In base 8, what is 10361 - 436?
7723
In base 2, what is 100010 - 101000011?
-100100001
In base 13, what is 633 + -105?
52b
In base 3, what is 2200112021 + 2?
2200112100
In base 15, what is -3b69d2 - 2?
-3b69d4
In base 7, what is 10 - -15261?
15301
In base 15, what is 7541 - 5?
753b
In base 14, what is 9 + -54a65?
-54a5a
In base 15, what is -48 - 9478?
-94c1
In base 15, what is -37 + e36?
dee
In base 14, what is -1 - -1a4?
1a3
In base 13, what is 662 - 43c?
223
In base 5, what is 110143 + 3133?
113331
In base 3, what is 20 + 102201002221?
102201010011
In base 7, what is -31 + -20163?
-20224
In base 12, what is 12 + -294?
-282
In base 15, what is 0 - 41e6?
-41e6
In base 8, what is 36 - 6421?
-6363
In base 2, what is 100000110101000 - -100101101?
100001011010101
In base 6, what is -1 + -350554?
-350555
In base 6, what is 4 + -33220?
-33212
In base 14, what is 4238 - 5?
4233
In base 7, what is -3433 - -6352?
2616
In base 4, what is -11330231120 + 10?
-11330231110
In base 2, what is -111 - 100000011100?
-100000100011
In base 2, what is -10010110110 - 1?
-10010110111
In base 4, what is 30331 - 3?
30322
In base 11, what is 50325 - 5?
50320
In base 13, what is -11c - 67?
-186
In base 3, what is 11101212 + 2001020?
20110002
In base 10, what is -13045 + -127?
-13172
In base 13, what is 35 - 331?
-2c9
In base 16, what is 29626 + 2?
29628
In base 14, what is 6 - -16cc?
16d4
In base 10, what is -686 - -3?
-683
In base 13, what is 1 - -65a0?
65a1
In base 11, what is -6a17 - -25?
-69a2
In base 10, what is -2049 - 262?
-2311
In base 2, what is 111 + 1011010010000100?
1011010010001011
In base 8, what is -274347 + 11?
-274336
In base 10, what is -1524 + 195?
-1329
In base 5, what is -224031 + 400?
-223131
In base 10, what is -5 + 1059?
1054
In base 9, what is -256 + 384?
127
In base 16, what is 31 - -616?
647
In base 16, what is 2 + -19f78?
-19f76
In base 13, what is -c8 - -123?
28
In base 14, what is 3 - -17c71?
17c74
In base 3, what is 121012102012220 - 12?
121012102012201
In base 2, what is 11011111110000101110011 - 101?
11011111110000101101110
In base 13, what is 1c60b + -3?
1c608
In base 11, what is 2755 - -1046?
37a0
In base 12, what is -91 + 141?
70
In base 7, what is 2 + 5120?
5122
In base 11, what is 5a + -2990?
-2931
In base 7, what is 160423 - 11?
160412
In base 15, what is -20b - 60?
-26b
In base 8, what is -6320 + 220?
-6100
In base 10, what is 98219 - 2?
98217
In base 7, what is 50221 - -11?
50232
In base 6, what is -4 + -305313?
-305321
In base 16, what is -27e + d?
-271
In base 15, what is 5562 + -8?
5559
In base 8, what is -676 + -3?
-701
In base 7, what is 66223 + -2?
66221
In base 11, what is 5 + 8a6124?
8a6129
In base 10, what is 3 - 89729?
-89726
In base 14, what is -131a9 + 2?
-131a7
In base 4, what is -13031001 + 2?
-13030333
In base 11, what is 247a + 5?
2484
In base 9, what is -4 - 30601?
-30605
In base 16, what is -2b2a5 - -5?
-2b2a0
In base 10, what is 8 - 5669?
-5661
In base 10, what is -31730 + -1?
-31731
In base 10, what is 24321 + 4?
24325
In base 7, what is 24160 + 15?
24205
In base 13, what is 1c33 - -9?
1c3c
In base 13, what is 23b - -9a?
308
In base 6, what is 3 + 350525?
350532
In base 10, what is 6294 - 176?
6118
In base 16, what is 1c6b - -5a?
1cc5
In base 15, what is -4a79 + -4b?
-4ac5
In base 7, what is -1012 + 64?
-615
In base 5, what is -41021 + 23?
-40443
In base 9, what is 2 - 40703?
-40701
In base 5, what is 43114110 - 2?
43114103
In base 9, what is -2868516 + -4?
-2868521
In base 10, what is 1275 - -3?
1278
In base 15, what is -49 - 11e8?
-1242
In base 14, what is -6 + -3409?
-3411
In base 12, what is -49 - -391?
344
In base 13, what is -82a - -4a?
-7b0
In base 15, what is 674d7 - 4?
674d3
In base 8, what is -214 + -64?
-300
In base 6, what is -11000113 + 4?
-11000105
In base 3, what is 1 - 1021001102111?
-1021001102110
In base 6, what is 21250 - 312?
20534
In base 14, what is 6ad - 29?
684
In base 13, what is 1c + -1938a?
-1936b
In base 9, what is 1004 + -424?
470
In base 9, what is -7 + 1481?
1473
In base 6, what is 310110 - -104?
310214
In base 16, what is -12 - c628?
-c63a
In base 16, what is -766fb2 - -4?
-766fae
In base 5, what is 3203 - 100?
3103
In base 12, what is -389 - 567?
-934
In base 14, what is 411 + -6?
409
In base 7, what is 3 + -2406?
-2403
In base 11, what is 651 + -114?
538
In base 5, what is -1044 - 3103?
-4202
In base 7, what is -3 + -222045?
-222051
In base 5, what is -421140 + 112?
-421023
In base 15, what is 27a - 395?
-11a
In base 5, what is -244 - -3430?
3131
In base 15, what is 5 - -189668?
18966d
In base 8, what is -5 + 30562?
30555
In base 10, what is -44 - 82434?
-82478
In base 16, what is cbf9 + -18?
cbe1
In base 8, what is 0 + -755016?
-755016
In base 15, what is 8755ea - -2?
8755ec
In base 16, what is 97a39 + 5?
97a3e
In base 6, wh